3*f - 2*f = 3*r - 247, 2*r - 4*f - 150 = b. List the prime factors of r.
79
Let i(t) = -37*t - 229. List the prime factors of i(-7).
2, 3, 5
Let t = 1364 + 513. What are the prime factors of t?
1877
Let h(u) be the first derivative of 3*u + 7/2*u**2 - 3 + 2*u**3 - 1/4*u**4. What are the prime factors of h(7)?
3
Suppose -3*k - 3*d + 2*d = 12, 5*k - 3*d + 34 = 0. Let a be (k + 10)*(-2)/(-1). List the prime factors of (-28)/(-35)*a/4.
2
Let b(y) = y**2 + 2*y - 2. Let o be b(1). What are the prime factors of o/5 - 1545/(-25)?
2, 31
Suppose 0 = 4*a - 3068 + 768. What are the prime factors of a?
5, 23
Let n be 384/160*(0 - 5/(-2)). List the prime factors of (-756)/(-8) - (-3)/n.
5, 19
Let z = 318 + -199. Suppose -38 - z = -4*h + s, 3*s = 2*h - 81. What are the prime factors of h?
3, 13
Suppose -5*c + 936 = u - 242, 5*c - 5990 = -5*u. What are the prime factors of u?
3, 401
List the prime factors of 32/24*(1 - -17).
2, 3
Let f = 10 - 2. Let o be 6/f - (-120)/(-32). Let t = 2 - o. What are the prime factors of t?
5
List the prime factors of 0 - ((-4 - -14) + -2196).
2, 1093
Let c(y) = -y**3 - 10*y**2 + 12*y + 79. What are the prime factors of c(-11)?
2, 17
Let j be (1 + 0)/((-13)/26). Let i(k) = k**2 - k + 1. Let n be i(j). Suppose -n*c = -3*c - 160. What are the prime factors of c?
2, 5
Let m = 436 - 101. List the prime factors of m.
5, 67
Let g = -1382 - -1531. What are the prime factors of g?
149
Suppose -43 = -5*j + a - 0*a, 2*j + 5*a = 1. Suppose 4*k = j, -4*k = -4*u + 5*u - 101. What are the prime factors of u?
3, 31
Let f be ((-6)/9 + 1)*9. Let x = f + 1. Suppose -x - 20 = -3*v. List the prime factors of v.
2
Let u = 113 - -97. Let v = -114 + u. List the prime factors of v.
2, 3
What are the prime factors of 34026/11 + 18/(-66)?
3, 1031
Let k = -82 - -77. Let z(j) = -27*j - 35. What are the prime factors of z(k)?
2, 5
Let u(d) = 56*d - 37. What are the prime factors of u(9)?
467
Suppose 194 = -2*f - 66. List the prime factors of (f - -6)/(-1 + -1).
2, 31
Let d = -15 - -9. Let s be 7/2*8/14. What are the prime factors of 2*s - d/6?
5
Suppose 12 = 4*w + 12. Suppose -4*j + 554 = -5*u, w*j + 5*u + 131 = j. What are the prime factors of j?
3, 47
Let o(q) = 6 + 17*q**2 - 35*q**2 - 3*q + q**3 + 16*q**2. Let h = -10 - -14. List the prime factors of o(h).
2, 13
Let l = -41 + 322. List the prime factors of l.
281
Let t = -18 + 20. Suppose h + g - 5 = t, 2*g = -3*h + 17. Suppose -3*z + 43 = 3*c - 2*c, -h*c = -2*z + 14. List the prime factors of z.
13
Let y = 8 + 18. Let k = y + -14. Let m = 47 - k. What are the prime factors of m?
5, 7
Let j = 5 + -1. Suppose j = -2*f + 32. Let v = f - 5. What are the prime factors of v?
3
Let u(b) = 44*b**2 + 18*b + 38. List the prime factors of u(-4).
2, 5, 67
Let v = 331 - 22. List the prime factors of v.
3, 103
Let i = -38 + 64. Let b = i + -23. Suppose -4*c = b*w + c - 214, 5*w + 4*c - 335 = 0. List the prime factors of w.
3, 7
Let r(s) = -3*s + 12. Let n(y) = -2*y**2 - 13*y - 3. Let f be n(-6). List the prime factors of r(f).
3
Suppose -17 = 4*s - 1. Let x be 318/27 + s/(-18). Suppose n = -2*h + x, 32 = 4*n - 0*h + 4*h. What are the prime factors of n?
2
Let u(j) = -12*j - 4. Let s = 12 + -20. What are the prime factors of u(s)?
2, 23
Let o = 3562 + -2007. What are the prime factors of o?
5, 311
Let k = -56 - -537. List the prime factors of k.
13, 37
Let m(l) = -12*l**3 + 29*l**2 + 3*l - 3. What are the prime factors of m(-4)?
1217
Suppose -13 + 3 = -5*d. Suppose d*n = 0, -162 = -0*w + w + 2*n. List the prime factors of 28/6*w/(-12).
3, 7
Suppose 1019 = 2*i - g - 1202, g = i - 1113. Suppose 0 = -w + 3*u + 200 + 30, 5*w - u = i. List the prime factors of w.
13, 17
Suppose 2*y - 1 = t + 1, 18 = -2*y - 4*t. What are the prime factors of ((-477)/(-2) - 2) + y/2?
2, 59
Suppose -23*o = 1141 - 61447. What are the prime factors of o?
2, 3, 19, 23
List the prime factors of 15183/7 + 4 + -10.
3, 7, 103
Let u = -20 - -24. Suppose u*s = 5*s - 143. Let v = -100 + s. List the prime factors of v.
43
Let n = 447 - 225. What are the prime factors of n?
2, 3, 37
Let x = 23 - 32. Let g = x + 6. List the prime factors of 5 + g + (-74)/(-2).
3, 13
Suppose -13 = -3*u - 7. Suppose 0 = 3*i + u*i - 25. Suppose -x + 0*x + i = 0. What are the prime factors of x?
5
Let s = -21 - -27. What are the prime factors of (-6)/(4/(-40)*s)?
2, 5
Suppose -5*a = -4*z - 8, -4*z = a - 0*a - 16. Suppose -t + a*t = 0. Suppose i - 62 = -t*i. What are the prime factors of i?
2, 31
Let l(d) = 35*d + 4. Let b be l(5). Suppose -3*z - 38 + b = 0. What are the prime factors of z?
47
Let c be 51/(-4)*4/(-1). Let l = 89 - c. What are the prime factors of l?
2, 19
Let z be (-3)/3 + 3 + 1. Let y = 98 + -61. Suppose -z*w - y = -4*w. What are the prime factors of w?
37
Suppose 6*d - 3*d = i + 14, 5*i + 10 = 0. Suppose 2 = 2*x, -x + 307 = d*b - 2*b. List the prime factors of b.
3, 17
Suppose -2708*n + 2703*n = -3170. What are the prime factors of n?
2, 317
Suppose 4*s + 1 = 9. Suppose 3*n = 5*f - 255, -f + 4*n - 51 = -s*f. List the prime factors of f/85 + (-204)/(-10).
3, 7
Let a(c) = 2*c**3 - 5*c**2 - 2*c - 6. Let w(x) = -x**2 + 6*x - 1. Let u be w(4). Suppose -3*l - 9 = 0, u = 3*t + 2*l + 1. What are the prime factors of a(t)?
2, 17
Let v = -34 + 38. Suppose 12*k = v*k + 904. What are the prime factors of k?
113
Let q(g) = -11*g + 3. What are the prime factors of q(-22)?
5, 7
Suppose 5*p - s - 2465 = s, 3*p + 5*s - 1510 = 0. What are the prime factors of p?
3, 5, 11
Let z be 1/6 + (-55)/(-30). What are the prime factors of ((-970)/(-15))/(z/3)?
97
Suppose 0 = -3*k + 14 - 5. Suppose k*n + 8 - 17 = 0. Let i(q) = -q**3 + 4*q**2 - q. List the prime factors of i(n).
2, 3
Let d be 1 - (-7)/(14/10). List the prime factors of 184/d - 76/(-57).
2
Suppose 4*b = 6*b - 40. Suppose -4*g - 4*v + 28 = 0, 4*v - b = -g - g. What are the prime factors of g?
2
Suppose -c = -0*c + 10. What are the prime factors of 452/6 - c/15?
2, 19
Suppose -1 = 2*m - 7. Suppose 0 = -m*a + 5*t + 20 - 2, -3*t - 2 = -a. Let c(o) = o**2 - 10*o - 7. List the prime factors of c(a).
2
Let u = 27 + -13. Let n = -94 - -91. Let m = u + n. List the prime factors of m.
11
Let s = -17 - -36. Let i be -5*29*s/19. Let r = -97 - i. List the prime factors of r.
2, 3
Let s(j) = 23*j**2 - 47*j - 9. What are the prime factors of s(7)?
3, 263
Suppose 34*a - 2328 = 28*a. What are the prime factors of a?
2, 97
Let m be (-5)/(-1*(-4)/(-16)). Suppose 4*u = m, -u + 8 = -x + 3*u. Suppose 2*l - x = -l. List the prime factors of l.
2
Let v(x) = -4*x + 26. Let h be v(19). What are the prime factors of h/((6/(-4))/3) + -2?
2, 7
Let x = -203 + 320. Let z = 165 - x. What are the prime factors of z?
2, 3
Let n(s) = s**2 + 6*s - 11. Let i be n(-9). Let w be -3 + (-1)/(4/i). What are the prime factors of 4*-1 + (8 - w)?
11
Suppose -j + 24 = -4*j. Let s = -3 - j. Suppose -2*p - 68 = -2*u - 5*p, -68 = -2*u + s*p. What are the prime factors of u?
2, 17
Let h(y) = y**2 - 18*y - 1. Let t = -55 - -77. What are the prime factors of h(t)?
3, 29
Let i(x) = 133*x**2 + 31*x + 73. List the prime factors of i(-3).
11, 107
Let h(b) = 7*b**2 + 2*b - 4. Let c be h(-4). Suppose 3*w + c = 2*s, s - w - 56 = -4. List the prime factors of s.
2, 7
Let p be 32772/(-4) + (3 - 2). What are the prime factors of 6/(-33) - p/44?
2, 3, 31
Let d be (-18)/45 + (-28)/5. Let k = d + 6. What are the prime factors of 3 + 29 + k + 3?
5, 7
Let w(g) = 2*g**3 + 8*g**2 + 3*g + 3. Let d be w(-3). Suppose -j - 693 = -d*j. List the prime factors of j.
3, 7
Let p = 1339 + -884. What are the prime factors of p?
5, 7, 13
What are the prime factors of 264/((2/4)/((-11)/(-33)))?
2, 11
Let a be (-27)/(-4) + (-4)/(-16). Let q = a + 1. Suppose 29 = z - q. What are the prime factors of z?
37
Suppose -s + 7*y + 17 = 4*y, -4*s - y = -16. Suppose 9*h + 5*d = 8*h + 266, -s*h = -d - 1330. List the prime factors of h.
2, 7, 19
Let h(d) = 111*d + 12. What are the prime factors of h(4)?
2, 3, 19
Suppose 5 + 0 = -l. Let m = 1 - l. Suppose 5*z = m*z - 23. List the prime factors of z.
23
Suppose -4 + 10 = g. Suppose i - 4 = -w + g, -5*i + 10 = -3*w. List the prime factors of w.
5
Let u be (-6)/4 - (-4604)/(-8). Let w = -388 - u. What are the prime factors of w?
3, 7
Suppose 36*m - 13813 = 22331. W